u + 267, -4*s = -2*u + 159 - 517. Calculate the greatest common factor of 65 and s.
13
Let j(w) = -w**2 + 31*w - 180. Let t be j(12). Calculate the greatest common factor of t and 16.
16
Let j be 14/21*-12 - -17. Calculate the greatest common divisor of j and 252.
9
Let q(x) = x**2 - 5*x + 21. Let y be q(-6). Let n = y + -81. Calculate the highest common factor of n and 6.
6
Suppose 322*f - 323*f = -78. What is the greatest common factor of 52 and f?
26
Let v(t) = -9*t + 6. Let n be v(-6). Suppose -44*f + 42*f = -n. Calculate the highest common factor of 90 and f.
30
Let o = -22 + 31. Let j = -179 + 206. Suppose j = 12*i + 15. Calculate the highest common factor of o and i.
1
Let f = 18 + -7. Let s = 15 - f. Suppose 9*w - 1320 = s*w. Calculate the greatest common factor of 24 and w.
24
Let n(i) be the second derivative of -i**4/12 + 19*i**3/6 - 9*i**2 + 21*i. Let m be n(16). What is the highest common factor of m and 20?
10
Let d(x) = -15*x - 54. Let q be d(-18). Calculate the greatest common divisor of 48 and q.
24
Suppose 4*j + 0*j = 400. Let w = 21 + -19. Let z be w - -40 - 4/2. Calculate the greatest common divisor of j and z.
20
Let g = -416 + 614. Calculate the greatest common factor of g and 18.
18
Let q be 2/(-2 - 24/(-10)). Let m(g) = 1753*g**2 - 12 - 879*g**2 - 875*g**2 + 9*g. Let t be m(q). What is the highest common divisor of 20 and t?
4
Let o be ((-416)/(-39))/(10/45). Calculate the greatest common divisor of o and 80.
16
Let m = -810 + 832. Let z be 109 - (1 - 2/1). What is the greatest common factor of m and z?
22
Let j be (-9)/(-2) - (35/10)/(-7). Suppose 0*q + j*q + 5 = 4*l, -4*l - 5*q + 35 = 0. What is the highest common divisor of 2 and l?
1
Suppose 270 = 3*i + 2*g, 2*i + 3*g + 35 = 220. Calculate the highest common divisor of 143 and i.
11
Let y be (80/100)/((-7)/5 - -1). Let f be (140/49 - y)/(2/14). What is the highest common factor of 136 and f?
34
Suppose -307*n - 172 = -308*n. What is the highest common factor of n and 43?
43
Suppose 2*n - 11 = 15. Let l = -539 + 630. Calculate the greatest common divisor of l and n.
13
Suppose -65472 = -47*k - 19*k. What is the highest common divisor of k and 372?
124
Let j be (-1)/((-1)/(-1)) + 69. Let r be (-68)/16*8/(12 - 8)*-6. Calculate the highest common divisor of j and r.
17
Let w = -87 + 175. Suppose 0 = -5*n + 3*g - 5*g + w, n - 23 = 5*g. What is the greatest common factor of n and 90?
18
Suppose r + 3*r = 16, -5*z - 1 = r. Let o be (152/(-1) - 0)/z. Let w = o + -86. Calculate the greatest common factor of 6 and w.
6
Suppose -u - 2*g = -g - 1, -3 = -5*u - 3*g. Suppose 4*d + 42 - 377 = -c, 4*d - 5*c - 341 = u. Calculate the highest common factor of 28 and d.
28
Suppose 0 = 8*z - 6*z + 30. Let v be ((-50)/z)/((-3)/(54/(-4))). What is the highest common factor of v and 75?
15
Suppose 12*z = 10*z + 10. Suppose 0*g - 4*j = -2*g + 12, g = z*j - 9. Let r be (-224)/3*(-6)/4. Calculate the greatest common factor of g and r.
16
Let d = 16 + 2. Let k(w) = -w + 23. Let j be k(d). Suppose -j*y - 9 = -h, y - 45 = -4*h + 12. Calculate the highest common factor of 70 and h.
14
Suppose 100 = 39*h - 34*h. What is the greatest common factor of h and 10?
10
Let m = -952 - -973. What is the highest common divisor of 609 and m?
21
Let t(s) = -s**3 + 24*s**2 - 3*s + 120. Let p be t(24). Calculate the greatest common factor of 320 and p.
16
Let a = -27 - -71. Let x(p) = -p - 1. Let f(u) = -u**2 + 3*u. Let d(r) = -f(r) - 4*x(r). Let m be d(0). What is the greatest common factor of a and m?
4
Suppose -a = 7*w - 55 - 57, -3*w + 373 = 4*a. Calculate the highest common factor of 14 and a.
7
Let j be (6 - 80/8) + 148. Calculate the highest common divisor of j and 1116.
36
Let i be -1 - (6/(-2) + 1). Let o = -54 + 55. What is the greatest common factor of i and o?
1
Suppose -108 - 1116 = -17*f. Calculate the highest common divisor of f and 45.
9
Let h be 11 + -2*2/4. Suppose 173 + 322 = 3*m. Let f = -115 + m. What is the greatest common factor of h and f?
10
Suppose 2*l = 3*l + 3*i, -5 = 5*i. Suppose u + q - 1 = -u, l*q = -2*u - 1. Suppose -7 = -f + u. What is the highest common factor of f and 2?
2
Suppose -5*l + 25 - 5 = 0. Suppose l*b + 9 = 25. Let d(u) = -9*u - 34. Let x be d(-6). Calculate the highest common divisor of b and x.
4
Let b be (-76)/6*(0 + (-6)/4). Calculate the highest common factor of b and 76.
19
Let f(o) = -o**3 - 10*o**2 + 2*o**3 + 5*o - 5 + 0. Let w be f(10). Calculate the greatest common factor of w and 9.
9
Suppose 0 = 2*r - 4*i - 156, 112 + 273 = 5*r - 5*i. Let s = -33 + 25. Let d be -57*(s/(-12) + -1). What is the highest common factor of r and d?
19
Let c = -596 + 702. Calculate the greatest common factor of c and 4.
2
Suppose 3024 = -4*s + 18*s. Calculate the highest common divisor of 16 and s.
8
Let c(k) = 3*k**2 + 9*k + 12. Let p(r) = r**2 - r - 1. Let z(g) = -c(g) + 4*p(g). Let q be z(15). What is the highest common divisor of q and 35?
7
Let n be (-269)/(-2) - (-3)/6. Let b(u) = u**2 - 43*u - 161. Let l be b(47). Calculate the highest common divisor of n and l.
27
Suppose -22*x = 4*x + 62*x - 1760. Let w be 1 - -20 - (-2 + 3). Calculate the highest common factor of x and w.
20
Suppose -82 = -4*s + 5*a, 14*a - 100 = -5*s + 19*a. Let y be ((-36)/21)/(1/(-42)). What is the greatest common divisor of s and y?
18
Suppose -3*g + 47 = 3*o - 2*o, -5 = g. Suppose -o = -2*c + 2*a - 5*a, -4*c - a = -104. What is the greatest common divisor of c and 10?
5
Let m(c) = -c**2 - 10*c + 14. Let b be m(-8). Suppose -2*z - z + b = 0. Calculate the highest common divisor of 15 and z.
5
Let z(l) = -40*l - 6. Let p be z(-6). Suppose -3*h + p = 6*h. Let u(w) = 207*w**2 + 1. Let f be u(1). What is the greatest common factor of h and f?
26
Suppose 45 = 6*a + 9*a. What is the greatest common factor of 171 and a?
3
Suppose -3*s - n + 2*n + 13 = 0, 0 = -s - 5*n - 1. Suppose 2*g - 24 = -w, w = s*w + 2*g - 64. What is the greatest common divisor of 50 and w?
10
Let j(s) = 11*s**2 - 27*s + 12. Let o be j(4). What is the highest common factor of 200 and o?
40
Let c(k) = -8*k + 8. Let r be c(-8). Suppose -18 = 2*g - 34. What is the greatest common factor of g and r?
8
Let y = 6 - -61. Let n = -27 + y. Suppose 0*r + n = 5*r. What is the highest common factor of 4 and r?
4
Suppose 14*c - 46*c + 1152 = 0. What is the highest common factor of 36 and c?
36
Let r be 23*1 + (-1)/(7/21). Calculate the greatest common factor of 100 and r.
20
Let t(h) = h**3 - 8*h**2 + 8*h + 4. Let n be t(8). Suppose -k - 18 = -n. What is the highest common factor of 10 and k?
10
Let q(m) = -13*m + 638. Let t be q(14). Calculate the greatest common divisor of t and 12.
12
Let s(v) = v**2 + v + 2. Suppose 2*r = -2*h - 2, 3*h = -0*h - 2*r - 5. Let a be s(h). What is the highest common divisor of 36 and a?
4
Let l = -22 + 17. Let z be (-36)/l - 1/5. Suppose -11 - z = -3*u. Calculate the highest common factor of 6 and u.
6
Let g be (-14)/(-7)*139 + 2. What is the highest common divisor of 40 and g?
40
Suppose 5*n + 0*q = -2*q + 23, -2*n = 4*q - 6. Suppose 571 - 221 = 7*m. What is the greatest common divisor of m and n?
5
Suppose 5*n = -2*a + 11, 4*n = 3*a + a - 92. Suppose 30*g = 1307 + 3013. Calculate the highest common divisor of a and g.
18
Suppose y = -6 + 4. Let m be y/4 + (8676/8)/9. Calculate the highest common factor of m and 48.
24
Suppose -8*c = -22*c + 1288. What is the greatest common factor of c and 253?
23
Let l = -11 - -15. Let r = 50 + -53. Let t(h) = -h**3 - h**2 + 3*h + 7. Let p be t(r). What is the greatest common factor of p and l?
4
Let u(g) = 7*g**2 - 3*g - 4. Let z be u(-3). Let t be (-2732)/(-16) + (-102)/136. Calculate the highest common factor of z and t.
34
Let z = 9 - 4. Suppose z*k = 2*k + 66. Suppose -f + 227 = 5*d, f = 2*f + d - 239. Calculate the highest common factor of k and f.
22
Let q(f) = 2*f**2 + 43*f + 268. Let t be q(-20). What is the greatest common factor of t and 39?
13
Suppose 1 - 16 = -5*v. Let z(f) = f**2 - 8. Let r(m) = m**2 - 7. Let w(k) = v*r(k) - 2*z(k). Let o be w(4). What is the greatest common factor of 110 and o?
11
Let j be 32 + (4*-2)/4. Let h be 9*(-1 + j/9). Suppose 8*l - 3*l - 303 = 4*x, 111 = 2*l - 5*x. What is the highest common divisor of l and h?
21
Let x(k) = -175*k -